) to base 6
52223125
What is 347846 (base 9) in base 6?
4252240
What is -5633 (base 16) in base 13?
-a076
What is 14a02c (base 15) in base 5?
223330132
Convert -839004 (base 11) to base 10.
-1344314
Convert 845e6 (base 15) to base 9.
708820
Convert 111505251 (base 6) to base 13.
568516
Convert 231202325 (base 7) to base 13.
2c16890
28c14 (base 13) to base 5
4423433
-10515026 (base 8) to base 5
-1040031140
Convert 183578 (base 12) to base 14.
ad472
-1342402 (base 6) to base 2
-10010011111100010
54410300 (base 6) to base 5
403300222
Convert -1078b2 (base 14) to base 5.
-120340011
What is 2112403 (base 7) in base 9?
428287
What is 1000011011011110001 (base 2) in base 3?
112000212222
101111000000000011101 (base 2) to base 8
5700035
Convert 1110010221201 (base 3) to base 13.
20c938
Convert -3256873 (base 9) to base 6.
-101303150
What is -d75376 (base 14) in base 8?
-33601034
Convert 274755 (base 11) to base 9.
725868
Convert -30b5ea (base 16) to base 13.
-87a045
What is -4608275 (base 12) in base 16?
-cd3f79
What is -1140c5a (base 13) in base 11?
-2aaa908
-11100001101110010 (base 2) to base 15
-2439a
What is 4232335 (base 6) in base 11?
131273
Convert 22410046 (base 7) to base 15.
2885b7
What is -10111100021212 (base 3) in base 6?
-103445035
-41212112 (base 5) to base 13
-b97bc
What is 6021633 (base 8) in base 9?
2871054
Convert -672275 (base 11) to base 14.
-1dc839
What is 2287203 (base 10) in base 12?
923743
Convert 2b044a (base 12) to base 5.
141221034
Convert 16c9ca (base 14) to base 4.
3010011312
Convert -8c36b (base 14) to base 12.
-145377
What is 620420 (base 8) in base 15?
40b67
a86eeb (base 15) to base 6
443540335
What is 942563 (base 12) in base 14?
447cb9
36c801 (base 14) to base 15
2718b0
Convert -48aa3 (base 13) to base 16.
-20a0b
Convert -4722136 (base 8) to base 12.
-520b3a
-10323123 (base 4) to base 8
-47333
13b540 (base 14) to base 15
d7b47
cd1b6 (base 15) to base 11
40575a
Convert -104566045 (base 7) to base 14.
-bad025
Convert 1541351 (base 6) to base 13.
325ba
Convert 5b016 (base 14) to base 15.
45cde
-718a (base 16) to base 4
-13012022
Convert -393a08 (base 12) to base 2.
-11100101011011101000
What is -a21da (base 14) in base 2?
-1011111001110010100
210333 (base 4) to base 12
1453
Convert 25130533 (base 6) to base 11.
4aa904
-11212110102120 (base 3) to base 2
-1001110111101110001101
Convert -471885 (base 13) to base 2.
-110011100010010110101
What is 101120022101 (base 3) in base 14?
55b27
Convert 181339 (base 11) to base 14.
7401d
Convert 13411130 (base 5) to base 9.
230625
12011121020121 (base 3) to base 11
16074a1
What is 5621574 (base 9) in base 7?
34501432
-2343300 (base 8) to base 15
-c9c89
360001 (base 7) to base 4
33310330
Convert e436c (base 15) to base 3.
1100201210210
Convert cdeb (base 15) to base 16.
aa7e
What is 1d8108 (base 16) in base 13?
529138
Convert -22644 (base 12) to base 8.
-131424
Convert -462698 (base 11) to base 8.
-2634471
Convert -350de (base 15) to base 3.
-22120202202
-3702060 (base 9) to base 10
-2009178
Convert 7098 (base 15) to base 5.
1230033
176425 (base 11) to base 5
32201120
What is 7b667 (base 15) in base 5?
100033242
What is 2719c (base 13) in base 3?
10200212021
-200102222111 (base 3) to base 14
-96428
What is -181362 (base 9) in base 4?
-123132311
What is -10100011000100011 (base 2) in base 3?
-11020112021
100020121122 (base 3) to base 7
1355345
Convert 39c790 (base 14) to base 15.
295a97
Convert -29771b (base 12) to base 4.
-2222101013
What is 215331 (base 8) in base 7?
421051
386456 (base 9) to base 4
321032100
What is 27b354b (base 12) in base 9?
15853355
Convert -180e0 (base 16) to base 9.
-160135
101001010000110100000 (base 2) to base 14
272a64
What is -4420113 (base 6) in base 7?
-1605315
What is 45a065 (base 11) in base 6?
23355142
What is 21500152 (base 6) in base 15?
cb3bb
-511553 (base 13) to base 6
-104245212
214101 (base 9) to base 14
34745
-433000132 (base 5) to base 11
-104a2a5
2b42 (base 13) to base 8
14243
Convert -1551a7b (base 12) to base 8.
-20426677
Convert 301003132 (base 4) to base 13.
705bb
What is 142033434 (base 6) in base 12?
b7887a
Convert 463465 (base 12) to base 5.
242004311
Convert -10011111101000000000 (base 2) to base 9.
-1205781
33455d (base 14) to base 4
12220333113
What is -1d583 (base 14) in base 8?
-222657
84aa0 (base 14) to base 15
64e04
Convert 1686363 (base 12) to base 8.
21605173
What is f503 (base 16) in base 10?
62723
What is 12240431 (base 5) in base 4?
130313201
-33b5631 (base 13) to base 3
-1002221211211202
Convert 1653545 (base 7) to base 8.
704573
-1fed6 (base 16) to base 13
-476a7
-130130103 (base 4) to base 7
-663435
-22283822 (base 9) to base 8
-51152125
What is 12a465 (base 14) in base 4?
2130332121
b905 (base 14) to base 12
165a9
-1260102 (base 7) to base 12
-7baa0
Convert -12e3d (base 15) to base 7.
-341425
What is -38ba2e (base 15) in base 4?
-22120223300
-4c9b7 (base 14) to base 11
-1196aa
Convert 196ba19 (base 14) to base 13.
2803c28
-191178 (base 10) to base 6
-4033030
Convert -1160633 (base 10) to base 3.
-2011222002102
Convert -21323102 (base 4) to base 6.
-512122
-2962380 (base 11) to base 10
-5083540
Convert 4625731 (base 8) to base 12.
507109
-270260 (base 11) to base 16
-67bc1
What is 59876 (base 10) in base 2?
1110100111100100
What is 3221045 (base 6) in base 14?
419d3
Convert 27412b9 (base 12) to base 3.
112200020001220
Convert -1166523 (base 9) to base 5.
-130302111
-2d537 (base 14) to base 16
-1bb7d
Convert 3154702 (base 11) to base 14.
a4865a
What is 68a3c (base 13) in base 15?
3b773
What is 211453201 (base 6) in base 13?
a05136
-eeb79e (base 16) to base 7
-246656001
-1ecd8f (base 16) to base 3
-10210120010210
What is -2050332 (base 7) in base 3?
-110120110200
What is -1517b78 (base 14) in base 4?
-213031122032
What is 2b181 (base 12) in base 5?
3420341
Convert 3d26 (base 16) to base 2.
11110100100110
What is -3332002202 (base 4) in base 14?
-1d12ca
What is -4103011002 (base 5) in base 7?
-130062446
Convert -2253517 (base 8) to base 5.
-124042200
-421452151 (base 6) to base 15
-9a69ba
-42c57 (base 13) to base 2
-11101011110100010
What is -387286 (base 13) in base 16?
-14b972
Convert -175336 (base 8) to base 2.
-1111101011011110
Convert -10130305 (base 6) to base 8.
-1071601
-3311066 (base 7) to base 6
-12412212
-1256416 (base 7) to base 11
-103407
Convert -14010352 (base 6) to base 12.
-1a69b8
Convert -45cb0 (base 13) to base 5.
-13034100
What is 383a302 (base 11) in base 9?
13471665
What is -112412434 (base 6) in base 10?
-2085862
What is -101001100100001100 (base 2) in base 12?
-82638
5711624 (base 9) to base 16
2ef8ca
Convert -1266355 (base 8) to base 7.
-3010430
124b86 (base 13) to base 8
1531604
Convert 3158728 (base 9) to base 4.
12131032322
What is c2b27 (base 13) in base 11?
21924a
Convert 11101100111000110100011 (base 2) to base 3.
112121100221001
Convert -1d876 (base 14) to base 6.
-1342424
Convert 1800227 (base 9) to base 14.
1c1c7a
a2100 (base 13) to base 15
5ae9d
-58760 (base 12) to base 7
-1002504
-154134 (base 8) to base 6
-1104232
What is 46750 (base 11) in base 16?
1077c
10220022102 (base 3) to base 9
126272
What is 2157 (base 13) in base 16?
121b
1a87aa (base 11) to base 7
2466152
What is 2776583 (base 9) in base 4?
11310303132
Convert 10000010111111100100110 (base 2) to base 10.
4292390
-1174266 (base 10) to base 7
-12660342
Convert 1101010110110110001110 (base 2) to base 4.
31112312032
22120131003 (base 4) to base 5
1144042403
What is 2234423 (base 5) in base 4?
21300310
14004024 (base 8) to base 2
1100000000100000010100
What is 20043120 (base 5) in base 9?
262284
What is 10001101200011 (base 3) in base 5?
403344121
311044031 (base 5) to base 4
10311232201
1112331302 (base 4) to base 9
602558
Convert -2033331200 (base 4) to base 12.
-2452a8
What is -7a962 (base 13) in base 14?
-5b642
What is 46d27 (base 14) in base 2?
101010001010100111
Convert 10b822 (base 13) to base 6.
12301120
-4256148 (base 11) to base 7
-120442614
Convert -10575571 (base 8) to base 2.
-1000101111101101111001
54550130 (base 6) to base 3
10001220022000
Convert 252985 (base 12) to base 11.
384499
-1011010010101111110101 (base 2) to base 15
-3d7233
Convert 4b146 (base 14) to base 5.
21342411
274b375 (base 12) to base 3
11220100